-5*b - 11 = -h + 47. What is the highest common divisor of h and 145?
29
Let u be (2/(-4))/((-2)/8). Suppose 2*s = -s + 33. Let b = 12 - s. What is the highest common divisor of u and b?
1
Let n = 1376 - 1365. What is the greatest common divisor of n and 77?
11
Let r be (-18240)/(-78) + 3/(39/2). Let y(q) = q**2 + 11*q + 6. Let s be y(-12). Calculate the greatest common factor of r and s.
18
Let d be ((-9)/(-3))/((-1)/(-30)). Suppose -2*u + 11 = 3*b, 4*u - 425*b - 37 = -426*b. Calculate the greatest common factor of d and u.
10
Let i = -744 - -865. What is the greatest common divisor of i and 66?
11
Suppose -8*c = 424 - 944. Suppose 2*x - 18 = -2*a, -4*x + 38 = 2*a - 6. Calculate the greatest common factor of c and x.
13
Suppose q + k = -12 + 104, 5*q - k - 448 = 0. Calculate the highest common divisor of q and 60.
30
Let w(u) = -17*u + 13. Let o(n) = 9*n - 7. Let a(x) = 11*o(x) + 6*w(x). Let c be a(-6). What is the greatest common factor of 171 and c?
19
Suppose -r = -5*r - 3*l + 73, -5*r - 4*l = -92. What is the greatest common divisor of r and 400?
16
Let z(k) = 5*k + 17. Let c be z(-2). Calculate the greatest common factor of c and 959.
7
Let c(a) = 29*a**2 + 2*a - 2. Let u be c(1). Suppose 5 - u = -f. Calculate the highest common factor of f and 32.
8
Let d(z) = -2*z**2 + 25*z + 21. Let a be d(13). Calculate the greatest common divisor of a and 104.
8
Suppose 3*s + 1840 = 13*s. Suppose -3*n + s = n. What is the greatest common divisor of 23 and n?
23
Let j be (119/28)/((-6)/(-48)). Suppose 3*u = -8*h + 4*h + 391, -h + 4*u + 93 = 0. Let g = h - j. What is the greatest common factor of 21 and g?
21
Let h be 45/6 + (-2)/4. Suppose 2*m + 4*g - 28 = 0, -3*m - g = -h*m + 38. What is the greatest common factor of 110 and m?
10
Suppose -2*w + 5*h + 66 = 0, 0 = -5*w - 3*h + 2*h + 111. Let g be -12*4*1*(-3)/(-12). Let y = g + w. What is the highest common factor of 22 and y?
11
Let s(f) = -15*f - 255. Let d be s(-25). Let c be 2/14 + 324/(-14). Let w = c - -38. Calculate the highest common factor of w and d.
15
Suppose -54 = -3*s - y, -s = s + y - 37. Let h = s + -3. Calculate the highest common divisor of 21 and h.
7
Suppose 2*k = -0*k + 52. What is the greatest common factor of 208 and k?
26
Suppose 5*s - 671 = -596. Calculate the greatest common divisor of 295 and s.
5
Let c(f) = f**3 - 16*f**2 + 19*f - 29. Let g be c(15). Calculate the highest common divisor of 3007 and g.
31
Let t(x) = -x**2 + 3*x - 6. Let o be t(3). Let b = 12 + o. Suppose 397 - 37 = b*j. Calculate the highest common factor of j and 40.
20
Let b be 24/(-30)*315/(-6) + -3. Calculate the greatest common divisor of 6 and b.
3
Let z(j) = 3*j**3 - j**2 - 10*j + 24. Let d be z(4). Calculate the highest common factor of 240 and d.
80
Let j(l) = l**3 - 6*l**2 - 12*l + 11. Let v be j(10). Suppose -3*b + v = -4*b. Let o = 423 + b. What is the highest common factor of 12 and o?
12
Suppose -4163 = -21*z - 299. What is the highest common divisor of z and 598?
46
Suppose 0 = -2*b - 6, 0 = 4*a - 2*b - 2*b - 44. Suppose 2*q - a = -3*v, 5 = -q + 3. What is the highest common divisor of v and 28?
4
Let z = -31 + -2. Let k = z + 186. What is the greatest common divisor of 17 and k?
17
Suppose f + 8 = -m + 47, 0 = -2*m - 5*f + 69. Suppose 0 = -t - 2, u + 4*t = -3*u. Let c be (m/(-9) + u)*-6. Calculate the highest common factor of 2 and c.
2
Let c = -70 - -158. Let q(i) = -2*i - 35. Let n(g) = 3*g + 71. Let u(o) = 6*n(o) + 13*q(o). Let z be u(-5). What is the highest common divisor of c and z?
11
Let z(o) = 6*o + 91. Let q be z(-15). What is the highest common factor of 11 and q?
1
Let s be 1208/60 - 4/30. Suppose -2*t - 4*i + 16 = 0, 5*t - i + s = 5. Let w be t/((-16)/(-42))*-4. Calculate the highest common factor of 3 and w.
3
Let l be ((-21)/9)/(22/12 - 2). Let w(s) = 15*s - 9. Let u be w(2). Calculate the highest common factor of l and u.
7
Let j(i) = -i**3 - i**2 - 2*i - 18. Let x be j(-6). What is the highest common factor of x and 116?
58
Suppose -5*w + 16 = 6. Suppose -w = 2*s - 18. Calculate the highest common divisor of 4 and s.
4
Let a = 22 + -11. Let t(g) = g + 6. Let k be t(-8). Let v = a + k. Calculate the greatest common factor of 36 and v.
9
Suppose 0*v = -3*v - 123. Let w = v + 14. Let f = w - -40. Calculate the greatest common factor of 143 and f.
13
Suppose 2*v + 0*v = 0. Suppose v = 5*x - 34 - 26. Calculate the greatest common divisor of x and 24.
12
Let p(l) = -25*l - 8. Let r be p(-9). Suppose -47 - 139 = -6*m. Calculate the highest common divisor of m and r.
31
Let q = -436 + 186. Let m = -447 - q. Let f = -87 - m. Calculate the greatest common divisor of 10 and f.
10
Suppose 7 = y - 0*y. Let p be (-2)/(-7) - 23/y. Let j be p/9 - 211/(-3). Calculate the highest common divisor of j and 7.
7
Let w be 1/2*(5 - 7)*-32. Calculate the greatest common factor of 416 and w.
32
Suppose 9*d + 16 = 11*d. Suppose -d*n + 7*n = -6. Let l be (2 - 1)*(-2 + 20). What is the greatest common factor of l and n?
6
Suppose 3*h = -4*l + 2*h + 11, 5*h = -3*l + 4. Let f = -262 - -94. Let c = f - -201. Calculate the highest common divisor of c and l.
3
Let x(c) = -7 - 139*c + 17*c + 10. Let l be x(-1). Suppose -g + 19 + 6 = 0. Calculate the greatest common factor of g and l.
25
Suppose -2*a + 4*q + 64 = 0, 10 = -3*q - 2. Let i be 273/28*(0 - -4). Suppose i = 3*t - a. Calculate the highest common factor of 147 and t.
21
Suppose 0 = 188*r - 186*r - 8. What is the highest common divisor of r and 100?
4
Let m = 340 - 172. What is the greatest common divisor of 21 and m?
21
Suppose 2*a - 16 = -0*a. Let h(g) = -12 + g + 32 - 7*g. Let d be h(-6). Calculate the highest common factor of d and a.
8
Suppose -2*q - 9 = -5. Let a be ((-6)/9)/(q/3). Let m be a*(-2)/6*-3. Calculate the greatest common divisor of m and 1.
1
Suppose 34 = k + 3*k - 2*v, -v = 5*k - 32. Let p(n) = n + 2*n**2 + 0*n + n**3 - 6*n - k*n**2 + 3. Let a be p(6). What is the greatest common divisor of a and 6?
3
Let h(u) be the second derivative of -u**3/6 - 7*u**2/2 - 6*u. Let v be h(8). Let a be (20/v)/((-2)/27). What is the highest common factor of 18 and a?
18
Let s(l) = -2*l**3 + l**2 + 8. Let g be s(-2). What is the highest common divisor of g and 161?
7
Let v be (51/(-6))/(((-5)/20)/(-1)). Let j = -19 - v. Calculate the highest common divisor of j and 3.
3
Let y be (3 + 18/(-4))/(18/(-2472)). Suppose 3*h + 121 = 3*a - 2*h, 5*a = 4*h + y. Calculate the highest common factor of a and 63.
21
Suppose 0 = 28*b + 1671 - 9679. Calculate the highest common divisor of 22 and b.
22
Suppose 8*l - 415 = 97. What is the greatest common divisor of l and 576?
64
Let o be (-2)/(-3) - (-78)/18. Suppose -d - 5*k - 66 = -o*d, -d = -k - 17. Let v = d - 13. Calculate the highest common factor of 12 and v.
6
Let m(q) = q**3 + 13*q**2 + 14*q + 14. Let s be m(-12). Let j be (-358)/s - (-8)/(-10). What is the greatest common factor of j and 35?
35
Let b be (78 - (3 + 0)) + (1 - 0). What is the greatest common factor of 57 and b?
19
Suppose -2*d + p + 19 = -d, -p = -5*d + 115. Let j be (0 + -4 + -12)/(3/(-6)). Calculate the highest common divisor of d and j.
8
Suppose -2*b + 1676 = 4*d, 5*d + 3322 = 4*b + 7*d. What is the highest common factor of 24 and b?
12
Suppose -5*k = k - 120. Let z be -4 + -3 + k/2. Calculate the greatest common divisor of z and 6.
3
Suppose 140 = -13*b - 7*b + 40*b. Suppose 0*h + 3*h = 909. Suppose -h = -5*a + 4*g, 3*a - 25 = 3*g + 155. What is the highest common divisor of b and a?
7
Let c = 36 - 45. Let b be 58/3 - (33/c - -5). Calculate the greatest common divisor of 63 and b.
9
Suppose 0 = -29*n + 1393 + 30275. What is the highest common divisor of 48 and n?
12
Let v(y) = -y**2 + 5*y - 8. Let k be v(6). Let s be (-54)/(-14) + (-2)/k. Let z be 338/4 + s/(-8). Calculate the greatest common factor of z and 12.
12
Suppose -288 = -14*t + 6*t. What is the greatest common factor of t and 288?
36
Suppose -77 = m - 4*a, a = 4*m + 203 + 30. Let j = 113 + m. Suppose 3*x - 425 = -n, 3*x - 400 = n + 3*n. Calculate the highest common factor of x and j.
28
Suppose -24*r + 28*r - 8 = 0. Suppose 4*p = -3*v - 11, 4*p - v - 24 = 3*v. Let h = r - p. What is the greatest common divisor of h and 1?
1
Let h(q) = 5*q + 1. Let l be h(9). Calculate the hi